{"id":2441,"date":"2019-11-24T18:12:05","date_gmt":"2019-11-24T17:12:05","guid":{"rendered":"https:\/\/schlossinsellauf.de\/?page_id=2441"},"modified":"2024-06-30T10:45:28","modified_gmt":"2024-06-30T08:45:28","slug":"voranmeldung","status":"publish","type":"page","link":"https:\/\/schlossinsellauf.de\/index.php\/informationen\/anmeldung-2\/voranmeldung\/","title":{"rendered":"Online &#8211; Anmeldung"},"content":{"rendered":"<p>Anmeldungen sind online bis&nbsp;<strong>18.06.2026 \u2013 24:00 Uhr<\/strong> \u2013 beachte dann die weitere Erh\u00f6hung der Anmeldegeb\u00fchr vor Ort.<\/p>\n<p><a href=\"https:\/\/schlossinsellauf.de\/index.php\/anmeldung\/\">Zur Anmelde-Seite<\/a><\/p>\n<p><a href=\"https:\/\/schlossinsellauf.de\/index.php\/informationen\/startgebuehren\/\">Startgeb\u00fchren<\/a><\/p>\n","protected":false},"excerpt":{"rendered":"<p>Anmeldungen sind online bis&nbsp;18.06.2026 \u2013 24:00 Uhr \u2013 beachte dann die weitere Erh\u00f6hung der Anmeldegeb\u00fchr vor Ort. Zur Anmelde-Seite Startgeb\u00fchren<\/p>\n","protected":false},"author":2,"featured_media":2439,"parent":2438,"menu_order":0,"comment_status":"closed","ping_status":"closed","template":"","meta":{"ngg_post_thumbnail":0,"footnotes":"","_links_to":"","_links_to_target":""},"class_list":["post-2441","page","type-page","status-publish","has-post-thumbnail","hentry"],"_links":{"self":[{"href":"https:\/\/schlossinsellauf.de\/index.php\/wp-json\/wp\/v2\/pages\/2441","targetHints":{"allow":["GET"]}}],"collection":[{"href":"https:\/\/schlossinsellauf.de\/index.php\/wp-json\/wp\/v2\/pages"}],"about":[{"href":"https:\/\/schlossinsellauf.de\/index.php\/wp-json\/wp\/v2\/types\/page"}],"author":[{"embeddable":true,"href":"https:\/\/schlossinsellauf.de\/index.php\/wp-json\/wp\/v2\/users\/2"}],"replies":[{"embeddable":true,"href":"https:\/\/schlossinsellauf.de\/index.php\/wp-json\/wp\/v2\/comments?post=2441"}],"version-history":[{"count":9,"href":"https:\/\/schlossinsellauf.de\/index.php\/wp-json\/wp\/v2\/pages\/2441\/revisions"}],"predecessor-version":[{"id":5310,"href":"https:\/\/schlossinsellauf.de\/index.php\/wp-json\/wp\/v2\/pages\/2441\/revisions\/5310"}],"up":[{"embeddable":true,"href":"https:\/\/schlossinsellauf.de\/index.php\/wp-json\/wp\/v2\/pages\/2438"}],"wp:featuredmedia":[{"embeddable":true,"href":"https:\/\/schlossinsellauf.de\/index.php\/wp-json\/wp\/v2\/media\/2439"}],"wp:attachment":[{"href":"https:\/\/schlossinsellauf.de\/index.php\/wp-json\/wp\/v2\/media?parent=2441"}],"curies":[{"name":"wp","href":"https:\/\/api.w.org\/{rel}","templated":true}]}}