{"id":2448,"date":"2019-11-24T18:16:46","date_gmt":"2019-11-24T17:16:46","guid":{"rendered":"https:\/\/schlossinsellauf.de\/?page_id=2448"},"modified":"2024-06-30T10:51:23","modified_gmt":"2024-06-30T08:51:23","slug":"ummeldung","status":"publish","type":"page","link":"https:\/\/schlossinsellauf.de\/index.php\/informationen\/anmeldung-2\/ummeldung\/","title":{"rendered":"Ummeldung"},"content":{"rendered":"<h4>Upgrading:<\/h4>\n<p>Eine Ummeldung auf eine l\u00e4ngere Strecke ist nur w\u00e4hrend der Startnummernausgabe gegen eine Geb\u00fchr m\u00f6glich.<\/p>\n<p>5 K auf 10 K \u2013 5 \u20ac \/ 10 K auf HM \u2013 10 \u20ac<\/p>\n<h4>Downgrading:<\/h4>\n<p>Bei ung\u00fcnstigen Witterungsbedingungen werden wir ein kostenloses downgraden (Ummelden auf eine k\u00fcrzere Strecke) vor Ort kostenlos anbieten. Ebenfalls kostenlos ist das Downgrading bei einer Mitteilung per Mail an <a href=\"mailto:info@schlossinsellauf.de\">info@schlossinsellauf.de<\/a> bis zum 18.06.2026 \u2013 24:00 Uhr.<\/p>\n<p>Regul\u00e4r entstehen f\u00fcr euch geringe Downgradingkosten vor Ort (5 \u20ac).<\/p>\n<h4>Teilnehmerwechsel:<\/h4>\n<p>Eine \u00dcbertragung der Startnummer auf einen anderen Teilnehmer kann aus datenschutz- und haftungsrechtlichen Gr\u00fcnden nur der Veranstalter durchf\u00fchren (5 \u20ac).<\/p>\n<p>Es ist untersagt, die Startnummer an einen anderen Teilnehmer ohne Kenntnis des Veranstalters weiterzugeben.<\/p>\n<p><a href=\"https:\/\/schlossinsellauf.de\/index.php\/anmeldung\/\">Zur Anmelde-Seite<\/a><\/p>\n","protected":false},"excerpt":{"rendered":"<p>Upgrading: Eine Ummeldung auf eine l\u00e4ngere Strecke ist nur w\u00e4hrend der Startnummernausgabe gegen eine Geb\u00fchr m\u00f6glich. 5 K auf 10 K \u2013 5 \u20ac \/ 10 K auf HM \u2013 10 \u20ac Downgrading: Bei ung\u00fcnstigen Witterungsbedingungen werden wir ein kostenloses downgraden (Ummelden auf eine k\u00fcrzere Strecke) vor Ort kostenlos anbieten. Ebenfalls kostenlos ist das Downgrading bei einer Mitteilung per Mail<\/p>\n","protected":false},"author":2,"featured_media":2439,"parent":2438,"menu_order":0,"comment_status":"closed","ping_status":"closed","template":"","meta":{"ngg_post_thumbnail":0,"footnotes":"","_links_to":"","_links_to_target":""},"class_list":["post-2448","page","type-page","status-publish","has-post-thumbnail","hentry"],"_links":{"self":[{"href":"https:\/\/schlossinsellauf.de\/index.php\/wp-json\/wp\/v2\/pages\/2448","targetHints":{"allow":["GET"]}}],"collection":[{"href":"https:\/\/schlossinsellauf.de\/index.php\/wp-json\/wp\/v2\/pages"}],"about":[{"href":"https:\/\/schlossinsellauf.de\/index.php\/wp-json\/wp\/v2\/types\/page"}],"author":[{"embeddable":true,"href":"https:\/\/schlossinsellauf.de\/index.php\/wp-json\/wp\/v2\/users\/2"}],"replies":[{"embeddable":true,"href":"https:\/\/schlossinsellauf.de\/index.php\/wp-json\/wp\/v2\/comments?post=2448"}],"version-history":[{"count":7,"href":"https:\/\/schlossinsellauf.de\/index.php\/wp-json\/wp\/v2\/pages\/2448\/revisions"}],"predecessor-version":[{"id":5313,"href":"https:\/\/schlossinsellauf.de\/index.php\/wp-json\/wp\/v2\/pages\/2448\/revisions\/5313"}],"up":[{"embeddable":true,"href":"https:\/\/schlossinsellauf.de\/index.php\/wp-json\/wp\/v2\/pages\/2438"}],"wp:featuredmedia":[{"embeddable":true,"href":"https:\/\/schlossinsellauf.de\/index.php\/wp-json\/wp\/v2\/media\/2439"}],"wp:attachment":[{"href":"https:\/\/schlossinsellauf.de\/index.php\/wp-json\/wp\/v2\/media?parent=2448"}],"curies":[{"name":"wp","href":"https:\/\/api.w.org\/{rel}","templated":true}]}}