{"id":313,"date":"2017-11-01T21:48:51","date_gmt":"2017-11-01T20:48:51","guid":{"rendered":"https:\/\/schlossinsellauf.de\/?page_id=313"},"modified":"2024-06-30T11:27:32","modified_gmt":"2024-06-30T09:27:32","slug":"halbmarathon","status":"publish","type":"page","link":"https:\/\/schlossinsellauf.de\/index.php\/strecken\/halbmarathon\/","title":{"rendered":"Halbmarathon"},"content":{"rendered":"<h4>Rundenbeschreibung<\/h4>\n<p>Der Start und das Ziel befinden sich auf der L\u00fcbbener Schlossinsel. Nach dem Startschuss geht es jedoch weit \u00fcber die Schlossinsel hinaus. Direkt nach 300 Metern geht es runter vom <em>Island<\/em> \u00fcber die erste Br\u00fccke und das Wehr des Umflutkanals, dann biegen alle L\u00e4ufer rechts in die Friedrich-Ludwig-Jahn-Stra\u00dfe ein. Nun geht es \u00fcber die <em>Dammstra\u00dfe<\/em> geradeaus weiter in die <em>Postbautenstra\u00dfe<\/em> vorbei an der Reha Klinik. Sp\u00e4testens jetzt, nach etwa 4 Kilometern, verl\u00e4sst der Sportler die Zivilisation und taucht in das Naturerlebnis Spreewald komplett ein, hinter dem A-Graben Nord links weg geht es f\u00fcr einige Schritte geradeaus vorbei am Birkenwald bis zum alten Ausflugslokal \u201e<em>Bukoiza<\/em>\u201c. Wenn dieses links erscheint geht es rechts weg Richtung L\u00fcbbenau, kurz vor der Milchviehanlage Radensdorf nun wieder links. In einem gro\u00dfen Bogen mit der Sonne im R\u00fccken \u00fcber idyllische Pfade durch Wiesen und Felder dann \u00fcber den Damm vorbei am Barzlin zur\u00fcck zum A\u2013Graben. Hier geht es dann wieder \u00fcber diesen Damm zur\u00fcck zur Schlossinsel.<\/p>\n<p><center><br \/>\n<iframe loading=\"lazy\" src=\"https:\/\/www.google.com\/maps\/d\/embed?mid=1J-mbATxEscU-PEL07euaCIlGnEE\" width=\"640\" height=\"480\"><\/iframe><\/center>Die Strecke ist \u00fcberwiegend asphaltiert, sonst handelt es sich um Wirtschafts- oder Dammwege. Der \u00fcberwiegende Teil der Strecke ist durch Baumbewuchs beschattet und geht entlang von flie\u00dfenden Gew\u00e4ssern, was sich selbst bei hohen Temperaturen klimatisch positiv auswirkt.<\/p>\n<h4>Verpflegung<\/h4>\n<p>Wir sorgen auf der Strecke etwa alle 2 &#8211; 3 km f\u00fcr (Wasser-)Erfrischungs- oder Versorgungsstellen mit verschiedenen Getr\u00e4nken und Obst f\u00fcr euer leibliches Wohl.<\/p>\n<p>Der Natur zu Liebe jegliche Abf\u00e4lle unbedingt nur an diesen Stellen abgeben!<\/p>\n<h4>Hinweise<\/h4>\n<p>Ein Team wird sich sorgf\u00e4ltig mit der Markierung der Strecke befassen, dennoch bitte zuvor den aktuellen Streckenplan studieren und den Hinweisen am Start folgen.<\/p>\n<p>F\u00fcr die ambitionierten Teilnehmer wird ein Startblock direkt hinter der Startlinie eingerichtet.<\/p>\n<p>Wir w\u00fcnschen euch schon jetzt viel Spa\u00df bei dieser anspruchsvollen Mischung aus Stra\u00dfen- und Naturlauf!<\/p>\n<p>Die schnellsten drei Frauen und M\u00e4nner der Gesamtwertung werden im Rahmen einer Ehrung mit <strong>Pokalen<\/strong> und <strong>Sachpreisen<\/strong> ausgezeichnet.<\/p>\n<p>Startberechtigt sind alle gesunden Sportler ab dem Jahrgang 2010 und \u00e4lter.<\/p>\n<p><strong>Alle Finisher erhalten eine Urkunde und eine Medaille<\/strong>. Im Ziel werden Obst und Getr\u00e4nke zur Verf\u00fcgung gestellt.<\/p>\n<p>Ohne entsprechende Vorbereitung sollte man einen Halbmarathon nicht bestreiten. L\u00e4ngere Lauferfahrung sollte Bedingung f\u00fcr diese sportliche Herausforderung sein. Wenn jemand bez\u00fcglich seines Gesundheitszustandes unsicher ist, steht vor Ort medizinisches Personal zwecks Beratung zur Verf\u00fcgung \u2013 sprecht das Team Schlossinsellauf an! Bei einem vorhandenen Infekt oder einer Verletzung wird unserseits unbedingt vom Start abgeraten.<\/p>\n<p>Nur ein gesunder ausreichend mit N\u00e4hrstoffen und Fl\u00fcssigkeit versorgter und trainierter K\u00f6rper kann diesen Kraftakt \u00fcberstehen. Passt eurer Tempo unbedingt den Umwelteinfl\u00fcssen (Temperatur) an.<\/p>\n<p>Nur wenn alle gl\u00fccklich finishen sind auch wir gl\u00fccklich. Die neue pers\u00f6nliche Bestzeit sollte nicht immer unbedingt im Vordergrund stehen, sondern das gemeinsame sportliche Erlebnis in der tollen Spreewaldlandschaft!<\/p>\n<p>Kurzfristige Ummeldungen auf k\u00fcrzere Strecken sind auch m\u00f6glich, dann bitte auch m\u00f6glichst zeitnah bei aufkommenden Unsicherheiten unser Kontaktformular nutzen oder noch vor Ort kurzfristig ummelden.<\/p>\n<p><a href=\"https:\/\/schlossinsellauf.de\/index.php\/anmeldung\/\">zur Anmeldung<\/a><\/p>\n","protected":false},"excerpt":{"rendered":"<p>Rundenbeschreibung Der Start und das Ziel befinden sich auf der L\u00fcbbener Schlossinsel. Nach dem Startschuss geht es jedoch weit \u00fcber die Schlossinsel hinaus. Direkt nach 300 Metern geht es runter vom Island \u00fcber die erste Br\u00fccke und das Wehr des Umflutkanals, dann biegen alle L\u00e4ufer rechts in die Friedrich-Ludwig-Jahn-Stra\u00dfe ein. Nun geht es \u00fcber die Dammstra\u00dfe geradeaus weiter in die<\/p>\n","protected":false},"author":2,"featured_media":1642,"parent":20,"menu_order":9,"comment_status":"closed","ping_status":"closed","template":"","meta":{"ngg_post_thumbnail":0,"footnotes":"","_links_to":"","_links_to_target":""},"class_list":["post-313","page","type-page","status-publish","has-post-thumbnail","hentry"],"_links":{"self":[{"href":"https:\/\/schlossinsellauf.de\/index.php\/wp-json\/wp\/v2\/pages\/313","targetHints":{"allow":["GET"]}}],"collection":[{"href":"https:\/\/schlossinsellauf.de\/index.php\/wp-json\/wp\/v2\/pages"}],"about":[{"href":"https:\/\/schlossinsellauf.de\/index.php\/wp-json\/wp\/v2\/types\/page"}],"author":[{"embeddable":true,"href":"https:\/\/schlossinsellauf.de\/index.php\/wp-json\/wp\/v2\/users\/2"}],"replies":[{"embeddable":true,"href":"https:\/\/schlossinsellauf.de\/index.php\/wp-json\/wp\/v2\/comments?post=313"}],"version-history":[{"count":10,"href":"https:\/\/schlossinsellauf.de\/index.php\/wp-json\/wp\/v2\/pages\/313\/revisions"}],"predecessor-version":[{"id":5324,"href":"https:\/\/schlossinsellauf.de\/index.php\/wp-json\/wp\/v2\/pages\/313\/revisions\/5324"}],"up":[{"embeddable":true,"href":"https:\/\/schlossinsellauf.de\/index.php\/wp-json\/wp\/v2\/pages\/20"}],"wp:featuredmedia":[{"embeddable":true,"href":"https:\/\/schlossinsellauf.de\/index.php\/wp-json\/wp\/v2\/media\/1642"}],"wp:attachment":[{"href":"https:\/\/schlossinsellauf.de\/index.php\/wp-json\/wp\/v2\/media?parent=313"}],"curies":[{"name":"wp","href":"https:\/\/api.w.org\/{rel}","templated":true}]}}